{"id":112,"date":"2022-02-22T02:54:19","date_gmt":"2022-02-22T02:54:19","guid":{"rendered":"https:\/\/corporativofenix.net\/agenciaaduanal\/?page_id=112"},"modified":"2022-02-22T03:45:15","modified_gmt":"2022-02-22T03:45:15","slug":"sitios-de-interes","status":"publish","type":"page","link":"https:\/\/corporativofenix.net\/agenciaaduanal\/sitios-de-interes\/","title":{"rendered":"Sitios de Inter\u00e9s"},"content":{"rendered":"<div id=\"pl-112\"  class=\"panel-layout\" ><div id=\"pg-112-0\"  class=\"panel-grid panel-no-style\" ><div id=\"pgc-112-0-0\"  class=\"panel-grid-cell\" ><div id=\"panel-112-0-0-0\" class=\"so-panel widget widget_pw_person_profile widget-person-profile panel-first-child panel-last-child\" data-index=\"0\" >\n\t<div class=\"card  person-profile\">\n\t\t\t\t<div class=\"card-block  person-profile__container\">\n\t\t\t\t\t\t<div class=\"person-profile__content\">\n\t\t\t\t\t\t\t\t<h4 class=\"card-title  person-profile__name\">Corredur\u00eda P\u00fablica no. 37<\/h4>\n\t\t\t\t<p class=\"card-text  person-profile__description\">Tabasco #44, Col. Roma M\u00e9xico, D.F. C.P. 06700\nTel. 5519894251\nTel. 5552081184<\/p>\n\t\t\t<\/div>\n\t\t<\/div>\n\t<\/div>\n\n<\/div><\/div><div id=\"pgc-112-0-1\"  class=\"panel-grid-cell\" ><div id=\"panel-112-0-1-0\" class=\"so-panel widget widget_pw_person_profile widget-person-profile panel-first-child panel-last-child\" data-index=\"1\" >\n\t<div class=\"card  person-profile\">\n\t\t\t\t<div class=\"card-block  person-profile__container\">\n\t\t\t\t\t\t<div class=\"person-profile__content\">\n\t\t\t\t\t\t\t\t<h4 class=\"card-title  person-profile__name\">CAAAREM<\/h4>\n\t\t\t\t<p class=\"card-text  person-profile__description\">Confederaci\u00f3n de Asociaciones de Agentes Aduanales<\/br>\n<a target=\"_blank\" href=\"http:\/\/www.caaarem.mx\">http:\/\/www.caaarem.mx<\/a><\/p>\n\t\t\t<\/div>\n\t\t<\/div>\n\t<\/div>\n\n<\/div><\/div><\/div><div id=\"pg-112-1\"  class=\"panel-grid panel-no-style\" ><div id=\"pgc-112-1-0\"  class=\"panel-grid-cell\" ><div id=\"panel-112-1-0-0\" class=\"so-panel widget widget_pw_person_profile widget-person-profile panel-first-child panel-last-child\" data-index=\"2\" >\n\t<div class=\"card  person-profile\">\n\t\t\t\t<div class=\"card-block  person-profile__container\">\n\t\t\t\t\t\t<div class=\"person-profile__content\">\n\t\t\t\t\t\t\t\t<h4 class=\"card-title  person-profile__name\">Diario Oficial de la Federaci\u00f3n<\/h4>\n\t\t\t\t<p class=\"card-text  person-profile__description\"><a target=\"_blank\" href=\"http:\/\/www.dof.gob.mx\">http:\/\/www.dof.gob.mx<\/a><\/p>\n\t\t\t<\/div>\n\t\t<\/div>\n\t<\/div>\n\n<\/div><\/div><div id=\"pgc-112-1-1\"  class=\"panel-grid-cell\" ><div id=\"panel-112-1-1-0\" class=\"so-panel widget widget_pw_person_profile widget-person-profile panel-first-child panel-last-child\" data-index=\"3\" >\n\t<div class=\"card  person-profile\">\n\t\t\t\t<div class=\"card-block  person-profile__container\">\n\t\t\t\t\t\t<div class=\"person-profile__content\">\n\t\t\t\t\t\t\t\t<h4 class=\"card-title  person-profile__name\">SAT<\/h4>\n\t\t\t\t<p class=\"card-text  person-profile__description\">Serivicio de Administraci\u00f3n Tributaria<\/br>\n<a target=\"_blank\" href=\"http:\/\/www.sat.gob.mx\">http:\/\/www.sat.gob.mx<\/a><\/p>\n\t\t\t<\/div>\n\t\t<\/div>\n\t<\/div>\n\n<\/div><\/div><\/div><\/div>","protected":false},"excerpt":{"rendered":"<p>Corredur\u00eda P\u00fablica no. 37 Tabasco #44, Col. Roma M\u00e9xico, D.F. C.P. 06700 Tel. 5519894251 Tel. 5552081184 CAAAREM Confederaci\u00f3n de Asociaciones de Agentes Aduanales http:\/\/www.caaarem.mx Diario Oficial de la Federaci\u00f3n http:\/\/www.dof.gob.mx SAT Serivicio de Administraci\u00f3n Tributaria http:\/\/www.sat.gob.mx<\/p>\n","protected":false},"author":1,"featured_media":0,"parent":0,"menu_order":0,"comment_status":"closed","ping_status":"closed","template":"","meta":{"_acf_changed":false,"footnotes":""},"class_list":["post-112","page","type-page","status-publish","hentry"],"acf":[],"_links":{"self":[{"href":"https:\/\/corporativofenix.net\/agenciaaduanal\/wp-json\/wp\/v2\/pages\/112","targetHints":{"allow":["GET"]}}],"collection":[{"href":"https:\/\/corporativofenix.net\/agenciaaduanal\/wp-json\/wp\/v2\/pages"}],"about":[{"href":"https:\/\/corporativofenix.net\/agenciaaduanal\/wp-json\/wp\/v2\/types\/page"}],"author":[{"embeddable":true,"href":"https:\/\/corporativofenix.net\/agenciaaduanal\/wp-json\/wp\/v2\/users\/1"}],"replies":[{"embeddable":true,"href":"https:\/\/corporativofenix.net\/agenciaaduanal\/wp-json\/wp\/v2\/comments?post=112"}],"version-history":[{"count":6,"href":"https:\/\/corporativofenix.net\/agenciaaduanal\/wp-json\/wp\/v2\/pages\/112\/revisions"}],"predecessor-version":[{"id":180,"href":"https:\/\/corporativofenix.net\/agenciaaduanal\/wp-json\/wp\/v2\/pages\/112\/revisions\/180"}],"wp:attachment":[{"href":"https:\/\/corporativofenix.net\/agenciaaduanal\/wp-json\/wp\/v2\/media?parent=112"}],"curies":[{"name":"wp","href":"https:\/\/api.w.org\/{rel}","templated":true}]}}